h - 77. Let d be 2/(18/(-4) - -5). Is m(d) composite?
False
Is (71673/(2 + 1))/(53 + -52) prime?
False
Let g be 18/(-5) + (-48)/120 - -15190. Suppose -4*p - g = -7*p. Is p composite?
True
Suppose -5*o - 5*k + 59600 = 0, -35744 = -3*o - 19*k + 24*k. Suppose 14*b - 16*b = -o. Is b composite?
True
Let m = 74 + -67. Let y(r) = 21*r**2 + 5*r + 3. Is y(m) prime?
False
Suppose -4*h + 3*h = -4*x - 8, 3*h = 2*x + 4. Suppose h = 10*a - 16*a + 198. Is a composite?
True
Suppose 0 = 37*a - 29*a - 3*x - 1864567, -a + x = -233074. Is a a prime number?
True
Let u = 5492 + -4629. Is u prime?
True
Let d = -198844 + 345291. Is d a prime number?
False
Let i = -233 + 102. Suppose 2341*t - 6698 = 2324*t. Let m = t + i. Is m composite?
False
Suppose -2*q + q = -v + 2228, 2*v + 3*q - 4466 = 0. Suppose 47*o = 37*o + v. Is o a prime number?
True
Let p = -30397 - 24812. Is 4/(-8) + p/(-14) a composite number?
False
Let h(q) = 160711*q + 247. Is h(4) a composite number?
True
Let w(o) = -1016*o - 1. Let i(s) = -2*s - 10. Let d be i(-3). Is w(d) a composite number?
True
Let s(q) = 26*q**3 - 5*q**2 + 40*q + 149. Is s(34) a composite number?
True
Let f = 6190 - 2346. Suppose -9523 = -w + f. Is w prime?
True
Suppose -6471905 = 4*h - 90*h - 1616947. Is h prime?
True
Suppose 0 = 11*b - 37 + 70. Is b*2/45 - (-59147)/15 a composite number?
False
Let v = 1547206 + -316727. Is v a composite number?
False
Suppose 0 = 2*a - 5*p - 5 + 22, 0 = -2*p + 10. Let u(d) = a + 12*d + 7*d - 7 - 1. Is u(17) prime?
False
Let w(h) = -3*h + 85*h + 19 + 177*h + 170*h. Is w(3) a prime number?
False
Suppose 4*t + 3*x - 6625634 = 0, -4969221 = -2*t - t - 3*x. Is t a composite number?
True
Let w(v) = -v**3 + 15*v**2 - 14*v - 29. Let h be w(13). Suppose 3*y - 128 = 4*c + 305, 0 = y + 3*c - h. Is y a composite number?
False
Let g = 123045 - 47498. Is g a composite number?
True
Suppose 0 = -15*t + 18*t. Suppose -6*l - 12258 = -t*l. Let w = -1004 - l. Is w prime?
True
Let q(w) be the second derivative of 95*w**3/6 - 34*w**2 - 2*w - 158. Is q(11) prime?
True
Suppose 0 = 2*k + 3*b - 172952 - 466415, -3*k + 2*b + 959005 = 0. Is k a prime number?
True
Let g be (9 + -7)/(1/6). Is g/(-60) + 53358/15 prime?
True
Let l(p) = -79*p**3 + 3*p**2 - 4*p - 4. Let h be l(-4). Suppose 5*v + h - 39231 = m, 5*m + 27292 = 4*v. Let c = v - 3620. Is c a composite number?
False
Let d(u) = -9*u - 29. Let r be d(-5). Is (1 + 742)*r/16 a prime number?
True
Suppose 58*v - 117647276 = -10*v. Is v prime?
False
Let c(q) = 2*q. Suppose 13 = -3*j - 5*k, 5*k + 12 = -5*j - 3. Let v be c(j). Let n(x) = -198*x + 7. Is n(v) a prime number?
False
Let n(t) = -t**3 + 6*t**2 - 2*t - 6. Let u be n(5). Suppose 0 = -c - 5*z - 773 + 2865, 5*c = -3*z + 10438. Suppose -c = u*i - 6020. Is i a prime number?
False
Let w(y) = -2*y. Let l be w(2). Let j(k) = 3*k**3 + 6*k**2 + 3*k - 5. Let f be j(l). Is f*(-6 - (-20)/4) a prime number?
True
Suppose z + 172530 = 2*q, -519472 + 88177 = -5*q - 5*z. Is q composite?
False
Suppose -3*t + 63 = -5*v - 17, -4*t + 4*v + 96 = 0. Suppose -t = -7*f + 2*f. Suppose 4*k = 5*q + 821, 4*k - k - 639 = -f*q. Is k prime?
False
Let b = -128 + 125. Let r be 2*(-406*20/16 - b). Is ((r/(-3))/(-1))/((-38)/114) prime?
True
Let r(h) = 3*h**3 + 64*h**2 + 10*h + 20. Is r(-21) prime?
True
Let h = -80 + 109. Suppose -3*o + h*o = 81926. Is o composite?
True
Suppose 0 = -12*z + 7*z + 20. Suppose 0 = -4*q + z, -7*q = 2*h - 4*q - 9. Suppose -h*t + c + 1593 = -2*c, 2*t + 4*c = 1050. Is t prime?
False
Is (666362/11)/(172/946) a composite number?
True
Let l(v) = 2*v**3 + 11*v**2 - 11*v - 30. Let z be l(-6). Let f(i) = -24*i + 6127. Is f(z) prime?
False
Let z = 26 - 24. Let d be (z - (-2202)/3) + -1. Suppose -4*l - 2*h + 707 = l, 5*l = 5*h + d. Is l a composite number?
True
Is -38281*7*3/(-21) a composite number?
False
Suppose -10*c - 100923 = -z - 6*c, -c = -5*z + 504539. Is z prime?
True
Suppose -3*r - 11 = -9*n + 4*n, 4 = -2*n. Is (2 - -335)*((-273)/r + -2) a composite number?
True
Let s = 55967 + -21990. Is s a composite number?
True
Let i(v) = 3*v**2 - 35*v + 21. Let s be i(11). Let q(x) = 2909*x**2 - 3*x - 3. Is q(s) prime?
True
Suppose 3*u - 2*u + 4*s - 50359 = 0, -2*s = -2*u + 100718. Is u a composite number?
False
Suppose 9501*n - 9480*n = 21688969 - 6923050. Is n a composite number?
False
Let d = 248 + -360. Let a = -51 + 16. Let r = a - d. Is r a prime number?
False
Let y(q) = -8*q - 6. Let t be y(-6). Is (-3 - t/(-18))*-4197 prime?
False
Let r = 171 - 86. Let t = -77 + r. Is -4*(-6)/t - -2*754 a prime number?
True
Suppose -3*d + k = 48, 0 = -d - 8*k + 12*k - 27. Is 1070/d*-51 + (4 - -1) a prime number?
True
Let b(h) = -267*h**2 + 3*h - 4. Let g(i) = -i**2 - i + 1. Let f(m) = -b(m) - 3*g(m). Let y be f(-1). Suppose 0 = -5*v + 6*v - y. Is v prime?
True
Let j be (2/1)/(8 + -9). Let z be (-2 - -6)*j*(-1000)/4. Suppose z = 8*t - 968. Is t prime?
False
Let u(g) = -3*g**3 + 2*g**2 + 6*g + 14073. Is u(0) prime?
False
Is (-15)/450*6*-500285 composite?
False
Suppose 11*s = 7*s + 11796. Let a = -89 + s. Suppose 1851 = n - a. Is n a prime number?
False
Let g(b) = -82*b - 50. Let u(f) = 42*f + 25. Let o(k) = -4*g(k) - 7*u(k). Is o(3) composite?
False
Let y = -462 - -465. Is (-422199)/(-18) + 1 + y/(-2) a composite number?
True
Suppose -16 = -8*j + 5*j - 5*v, 5*j = -5*v + 10. Let z be 5 + 28/j - 4/(-3). Is 498 + (-3)/z + 0 composite?
False
Suppose -12 = m - 17. Suppose 4*t + 2*o - 484 = 410, o = -m*t + 1116. Is t prime?
True
Let h(j) be the second derivative of -797*j**5/20 + j**4/3 + 4*j**3/3 + 2*j**2 - 143*j. Is h(-1) a prime number?
True
Suppose -340352 = 12*j + 4*j. Let m = j - -31185. Is m a composite number?
True
Let t(y) = y**3 - 17*y + 323965. Is t(0) prime?
False
Let l(q) = 30966*q - 1751. Is l(29) a prime number?
True
Is 0*7/21*-3 + 15259 a prime number?
True
Let a(y) = -5*y - 10. Let f be a(-2). Suppose -19*x + 33*x - 55734 = f. Is x a prime number?
False
Let b = 106872 - -100321. Is b composite?
True
Let w(h) = 39*h**3 + 23*h**2 - 227*h + 26. Is w(27) prime?
True
Let q be 2/(-8) - (-60)/(-16). Let u(h) = -119*h**3 - h**2 + 8*h - 6. Let r be u(q). Suppose 10*b + r = 25972. Is b a prime number?
False
Suppose -73*z + 1766501 = 676244 - 1854782. Is z a prime number?
True
Is 12/(-138) - 21416730/(-46) prime?
True
Let x(b) = -3034*b**3 + 18*b**2 + 46*b + 1. Is x(-2) a composite number?
True
Let i = 157654 - 73391. Is i prime?
True
Suppose -3*j + 96934 = y, 4*y - 2*j - 219089 = 168717. Is y prime?
False
Let f = -21418 + 65435. Is f a composite number?
False
Let j(h) = -h**2 - 5*h - 2. Let f be j(-3). Let q be (-179*f)/(6 + -8). Suppose -2*r + z = -427, 2*z - q = -2*r + 54. Is r prime?
True
Let f(a) = 5*a - 3*a - 10*a**2 - 4*a + 17 - 85*a**3 - 3*a - a. Is f(-6) prime?
False
Suppose 5*b - 340 + 5 = -2*c, -b + 5*c + 94 = 0. Let a = b - 64. Suppose 6*m + 5*i - 29 = 4*m, 38 = a*m + i. Is m prime?
True
Let r(a) = 2481*a**2 + a - 1. Let z be r(1). Let d = -971 + z. Let s = d - 927. Is s a composite number?
True
Is 786789/2*7*(-10)/(-105) a composite number?
True
Let o be (-22)/(-2) - (-2 + 6) - 2. Let h(t) = 32*t**3 - 6*t**2 - t - 12. Is h(o) a composite number?
False
Let w = 113 + -87. Suppose -h - w = -31. Suppose -3281 - 474 = -h*p. Is p prime?
True
Let t = -1754 + 13446. Suppose -8*h + 2*c = -12*h + 11700, -4*h = 4*c - t. Is h a composite number?
False
Let i(l) = 6*l - 19. Suppose 233 = 4*a - y, 196 = -a + 4*a - 5*y. Let f = a - 45. Is i(f) a composite number?
False
Let q be (-160)/24*9/12. Is 2/13 + q + (-129624)/(-78) prime?
True
Suppose 10*a + 14 = -26. Is a/((-240)/256268) + 4/(-30) a prime number?
True
Suppose 8*l - 19 = 5. Suppose 0 = -8*c - l*c + 56243. Is c prime?
True
Let j(s) = -84*s + 5. Let b be j(-4). Let p be (392/(-28))/((-20)/15 + 1). Let y = b - p. Is y composite?
True
Let z be -31 + 37 + 269*5. Suppose -z - 1352 = -3*c. Is c prime?
False
Let f(u) = -5*u**2 + 27*u + 17. Let k be f(6). Is (7 - 2 - 3646)*k a composite number?
True
Let z = -153 - -324. Suppose -70 = -2*m - 0*t + 2*t, 5*m - 4*t - z = 0. Suppose -f + 3*n + m = 0, -6*n = 4*f - n - 158. Is f a composite number?
False
Is (9/(-21))/((-42)/76983802) a composite number?
False
Is 38/((36/13522)/9) a composite number?
True
Suppose 10*z - 136 = 74. Is ((-9968)/z - -2)/(2/(-